{"id":350,"date":"2020-03-17T15:51:11","date_gmt":"2020-03-17T13:51:11","guid":{"rendered":"http:\/\/ilco.ro\/apscr\/?page_id=350"},"modified":"2020-03-17T21:42:33","modified_gmt":"2020-03-17T19:42:33","slug":"recomandari-conduita-sociala-coronavirus","status":"publish","type":"page","link":"https:\/\/ilco.ro\/apscr\/recomandari-conduita-sociala-coronavirus\/","title":{"rendered":"15 RECOMAND\u0102RI privind conduita social\u0103 responsabil\u0103 \u00een prevenirea r\u0103sp\u00e2ndirii coronavirus (COVID-19)"},"content":{"rendered":"<p>Proteja\u021bi-v\u0103, evita\u021bi contactul direct!<\/p>\n<p>\u25cf Evita\u021bi zonele aglomerate unde sunte\u021bi expu\u0219i la contact direct \u0219i\/sau interac\u021biune cu un num\u0103r mare de persoane, de tipul adun\u0103rilor publice, cozi, zone de trafic intens, zone de recreere.<br \/>\n\u25aa\u00a0Feri\u021bi copiii de acele locuri de joac\u0103 care presupun atingerea unor suprafe\u021be\/obiecte comune de c\u0103tre un num\u0103r mare copii.<\/p>\n<p>\u25cf Limita\u021bi la maximum orice contact direct cu alte persoane, \u00een afara celor care fac parte din familia restr\u00e2ns\u0103, prin gesturi cum ar fi: str\u00e2ngerea m\u00e2inilor, \u00eembr\u0103\u021bi\u0219\u0103rile, s\u0103rutul obrajilor sau al m\u00e2inilor, atingerea fe\u021belor cu m\u00e2inile.<br \/>\n\u25aa\u00a0Se recomand\u0103, inclusiv \u00een privin\u021ba persoanelor \u00eempreun\u0103 cu care locui\u021bi, s\u0103 NU intra\u021bi \u00een contact direct dec\u00e2t dup\u0103 igienizarea m\u00e2inilor atunci c\u00e2nd reveni\u021bi la domiciliu.<\/p>\n<p>\u25cf Evita\u021bi atingerea suprafe\u021belor care sunt atinse \u00een mod frecvent \u0219i de alte persoane, precum: balustrade, clan\u021be, m\u00e2nere, butoane de lift sau de acces.<br \/>\n\u25aa\u00a0\u00cen cazul \u00een care sunte\u021bi totu\u0219i nevoi\u021bi s\u0103 atinge\u021bi aceste suprafe\u021be, proteja\u021bi-v\u0103 folosind \u0219erve\u021bele de unic\u0103 folosin\u021b\u0103.<\/p>\n<p>\u25cf P\u0103stra\u021bi o distan\u021b\u0103 semnificativ\u0103, de 1,5 metri, fa\u021b\u0103 de celelalte persoane pe care le \u00eent\u00e2lni\u021bi. \u00cen cazul \u00een care v\u0103 afla\u021bi \u00een transportul \u00een comun \u00eencerca\u021bi s\u0103 NU sta\u021bi fa\u021b\u0103 \u00een fa\u021b\u0103 cu alte persoane.<br \/>\n\u25aa\u00a0Asigura\u021bi-v\u0103, dup\u0103 folosirea transportului \u00een comun, c\u0103 v-a\u021bi igienizat m\u00e2inile \u00eenainte de a v\u0103 atinge fa\u021ba, nasul sau gura.<\/p>\n<p>\u25cf Folosi\u021bi, pe c\u00e2t posibil, rute sau modalit\u0103\u021bi alternative de transport pentru a evita zonele aglomerate de trafic de persoane. \u00cen cazul \u00een care programul v\u0103 permite, folosi\u021bi intervalele orare cu nivel sc\u0103zut de trafic de persoane.<br \/>\n\u25aa\u00a0\u00cen zonele urbane, pentru distan\u021be mici, se recomand\u0103 folosirea modalit\u0103\u021bilor alternative de deplasare, fie cu bicicleta\/trotineta electric\u0103, fie mersul pe jos.<\/p>\n<p>\u25cf Evita\u021bi deplas\u0103rile \u00een \u021b\u0103rile care se confrunt\u0103 cu num\u0103r mare de cazuri de infect\u0103ri cu noul coronavirus (COVID-19) \u0219i descuraja\u021bi \u00eentoarcerea \u00een \u021bar\u0103 a persoanelor din zonele de risc, respectiv din \u021b\u0103rile cu num\u0103r mare de cazuri cu noul coronavirus. Date actualizate \u00een timp real despre \u021b\u0103rile vizate pot fi ob\u021binute acces\u00e2nd link-ul (<a href=\"http:\/\/www.cnscbt.ro\/?fbclid=IwAR3fov_SIMd6fYlYyNwxe5ErFDBTrYKu3y-mdBT3DHx-taTe6DcRdCagLw8\" target=\"_blank\" rel=\"noopener nofollow noreferrer\">http:\/\/www.cnscbt.ro\/<\/a>\u00a0), respectiv \u201eLista regiunilor \u0219i localit\u0103\u021bilor din zona ro\u0219ie \u0219i zona galben\u0103 cu transmitere a COVID-19\u201d<br \/>\n\u25aa\u00a0\u00cen cazul \u00een care c\u0103l\u0103tori\u021bi \u00eentr-o \u021bar\u0103 expus\u0103 infec\u021biei cu noul coronavirus exist\u0103 riscul ca la momentul revenirii \u00een \u021bar\u0103, \u00een func\u021bie de actualizarea zonelor ro\u0219ii\/galbene, s\u0103 fie necesar s\u0103 r\u0103m\u00e2ne\u021bi \u00een carantin\u0103\/izolare la domiciliu timp de 14 zile, \u00eempreun\u0103 cu familia.<br \/>\n\u25aa\u00a0\u00cen mod obligatoriu, rom\u00e2nii care se \u00eentorc \u00een \u021bar\u0103 din zone de risc vor trebui s\u0103 intre \u00een autoizolare la domiciliu, ceea ce presupune ca \u00eentreaga familie s\u0103 fac\u0103 acela\u0219i lucru.<\/p>\n<p>\u25cf Limita\u021bi folosirea bancnotelor \u0219i a monedelor, opt\u00e2nd pentru pl\u0103\u021bi cu cardul\/telefonul sau pl\u0103\u021bi on-line.<br \/>\n\u25aa\u00a0Transmiterea viru\u0219ilor se realizat\u0103 \u00eentr-o pondere semnificativ\u0103 prin intermediul banilor, cu care ia contact, statistic, un num\u0103r foarte mare de persoane.<\/p>\n<p>\u25cf Opta\u021bi pentru munca de acas\u0103, \u00een m\u0103sura \u00een care ave\u021bi aceast\u0103 posibilitate oferit\u0103 de angajator.<br \/>\n\u25aa\u00a0Exist\u0103 recomand\u0103ri din partea Ministerului Muncii, \u00een aten\u021bia angajatorilor, pentru flexibilizarea programului de lucru pentru angaja\u021bi \u0219i prezentarea eventualelor op\u021biuni legale pe care le au la dispozi\u021bie. Detalii, aici:\u00a0<\/p>\n<p>\u25cf Respecta\u021bi cu stricte\u021be regulile de igien\u0103 personal\u0103 recomandate de autorit\u0103\u021bi, pentru a v\u0103 proteja at\u00e2t pe dumneavoastr\u0103 c\u00e2t \u0219i pe cei apropia\u021bi. Folosi\u021bi masca de protec\u021bie doar \u00een cazul \u00een care ave\u021bi simptome de grip\u0103 sau r\u0103ceal\u0103, pentru a-i proteja pe ceilal\u021bi.<br \/>\n\u25aa\u00a0Sp\u0103la\u021bi-v\u0103 pe m\u00e2ini cu ap\u0103 \u0219i s\u0103pun, minimum 20 de secunde, dup\u0103 orice contact cu o suprafa\u021b\u0103 poten\u021bial contaminat\u0103.<br \/>\n\u25aa\u00a0Folosi\u021bi prosoape de h\u00e2rtie, de preferat, pentru a v\u0103 \u0219terge m\u00e2inile.<br \/>\n\u25aa\u00a0Nu v\u0103 atinge\u021bi ochii, nasul sau gura cu m\u00e2inile neigienizate.<br \/>\n\u25aa\u00a0Dac\u0103 str\u0103nuta\u021bi sau tu\u0219i\u021bi acoperi\u021bi-v\u0103 gura \u0219i nasul cu un \u0219erve\u021bel de unic\u0103 folosin\u021b\u0103, pe care ave\u021bi grij\u0103 s\u0103-l arunca\u021bi imediat la co\u0219ul de gunoi.<br \/>\n\u25aa\u00a0Dezinfecta\u021bi frecvent, cu solu\u021bie pe baz\u0103 de alcool sau clor, suprafe\u021bele cu care intra\u021bi \u00een contact, at\u00e2t acas\u0103 c\u00e2t \u0219i la locul de munc\u0103.<br \/>\n\u25aa\u00a0Aerisi\u021bi de mai multe ori pe zi \u00eenc\u0103perile \u00een care desf\u0103\u0219ura\u021bi activit\u0103\u021bi.<br \/>\n\u25aa\u00a0Lua\u021bi medicamente antivirale sau antibiotice numai la prescrip\u021bia medicului.<br \/>\n\u25aa\u00a0NU be\u021bi lichide din aceea\u0219i sticl\u0103\/pahar cu alte persoane \u0219i nu folosi\u021bi acelea\u0219i tac\u00e2muri.<br \/>\n\u25aa\u00a0NU intra\u021bi \u00een contact direct cu persoanele aflate \u00een autoizolare la domiciliu, indiferent dac\u0103 prezint\u0103 sau nu simptome specifice coronavirus.<br \/>\n\u25aa\u00a0Masca de protec\u021bie\/masca chirurgical\u0103 \u00eei protejeaz\u0103 pe cei din jurul dumneavoastr\u0103, \u00een cazul \u00een care ave\u021bi simptome de grip\u0103 sau r\u0103ceal\u0103, \u00eentruc\u00e2t previne r\u0103sp\u00e2ndirea virusului pe cale respiratorie.<br \/>\n\u25aa\u00a0Masca de protec\u021bie trebuie s\u0103 acopere complet nasul \u0219i gura persoanei care o poart\u0103.<\/p>\n<p>\u25cf \u021aine\u021bi cont de faptul c\u0103 nu \u00een toate cazurile infectarea cu noul coronavirus(COVID-19) este vizibil\u0103 prin simptome specifice (tuse, febr\u0103, dificult\u0103\u021bi \u00een respira\u021bie).<br \/>\n\u25aa\u00a0Virusul poate fi r\u0103sp\u00e2ndit inclusiv de persoane aparent s\u0103n\u0103toase, care nu au cuno\u0219tin\u021b\u0103 de faptul c\u0103 sunt purt\u0103tori ai noului coronavirus.<br \/>\n\u25aa\u00a0Informa\u021bi-v\u0103 despre noul coronavirus numai din surse oficiale!<br \/>\n\u25aa\u00a0Pute\u021bi ob\u021bine detalii dac\u0103 suna\u021bi la 0800.800.358, care este un num\u0103r de informare, nu este un num\u0103r de urgen\u021b\u0103.<br \/>\n\u25aa\u00a0Doar \u00een cazul urgen\u021belor suna\u021bi la 112!<\/p>\n<p>Proteja\u021bi-v\u0103 apropia\u021bii, nu-i expune\u021bi!<\/p>\n<p>\u25cf Evita\u021bi, cu prioritate, expunerea persoanelor \u00een v\u00e2rst\u0103 (peste 65 de ani) \u0219i a celor cu imunitate sc\u0103zut\u0103\/boli asociate c\u0103tre alte persoane cu simptome de grip\u0103 sau r\u0103ceal\u0103, \u00een zone aglomerate sau zone cu trafic intens de persoane.<br \/>\n\u25aa\u00a0Potrivit statisticilor, persoanele cele mai vulnerabile \u00een cazul infect\u0103rii cu noul coronavirus sunt v\u00e2rstinicii cu multiple afec\u021biuni asociate (ex: diabet zaharat, boli pulmonare cronice, boli cardiovasculare, cancer).<br \/>\n\u25aa\u00a0\u00cen Italia, p\u00e2n\u0103 pe 9 martie, mai mult de jum\u0103tate din cazurile de infec\u021bie s-au \u00eenregistrat la persoane de peste 65 de ani \u0219i aproximativ 90% din decese au survenit la pacien\u021bi de peste 70 de ani.<br \/>\n\u25aa\u00a0Nu s-a \u00eenregistrat niciun deces la pacien\u021bi cu v\u00e2rsta sub 40 de ani \u0219i un singur deces \u00eentre 40 \u0219i 50 de ani.<br \/>\n\u25aa\u00a0\u00cen cazul tinerilor \u0219i al copiilor (0-18 ani) a fost \u00eenregistrat\u0103 cea mai mic\u0103 rat\u0103 de infectare cu noul coronavirus, respectiv 1,4%.<\/p>\n<p>\u25cf Semnala\u021bi autorit\u0103\u021bilor orice caz despre care ave\u021bi cuno\u0219tin\u021b\u0103 c\u0103 ar fi putut intra \u00een contact cu o persoan\u0103 confirmat\u0103 cu noul coronavirus sau ar fi venit dintr-o \u021bar\u0103 afectat\u0103 (zona ro\u0219ie sau zona galben\u0103) \u0219i care nu se afl\u0103 \u00een izolare.<br \/>\n\u25aa\u00a0Manifesta\u021bi o atitudine preventiv\u0103 fa\u021b\u0103 de orice caz, \u00eentruc\u00e2t r\u0103sp\u00e2ndirea virusului este posibil\u0103 \u0219i din partea persoanelor care nu manifest\u0103 simptome specifice.<\/p>\n<p>\u25cf Semnala\u021bi imediat medicului de familie dac\u0103 a\u021bi c\u0103l\u0103torit \u00een zonele afectate de coronavirus (COVID-19), chiar dac\u0103 la momentul respectiv NU se aflau pe lista zonelor aflate sub alert\u0103. Detalii pot fi ob\u021binute acces\u00e2nd link-ul (<a href=\"https:\/\/l.facebook.com\/l.php?u=http%3A%2F%2Fwww.cnscbt.ro%2F%3Ffbclid%3DIwAR3BZEuKFvrdYF7MP9y-Pq9Nkji4z8ctUiPbwVGBaNPKrEeaY3HVbmN7U9A&amp;h=AT0ADRFJQkeTmKZsjjnJgvOb0gxH-k0nn2xpEi43fCByuhCG8RzfPvcG2LdCvNTVwcOzLwwJ5rCVETOyMiIYEstl-w1e1nhjuPs5K6i7hgYfSWoAHhMbyrLrtjUfqpZ_bTKWwtd7bFLfmMNJPnihp6pKdcX6KoDr0qHlVBMpJaioc1-k5_hWeJqnmJTjGhO7aP4BIigDY530nw5tTOJu5pio6uMCu4neU5OlbZptscs-zkViZF3A9_xBqsiIvitTPr-gyszR9sWie5e5PYw8U_VFud9RpIx_VoA-eXgXUJvZinfkgwlmiQMB_r7dg8bK_LvL47f3PVD_Oe2hSDEtp4jN6WwZMdwUt3XH6xTmzL83yrisyIeu9ds7KGvysp6SccrbfOCsuc0PT-LdzfgEXR1ALdJ6WKmezhRQxoYnLaj4GSYXwTacHdGTEghKVgjQQC3AWErKpGwoxc79EXbEBkz8UeGX7aFiG4zVwyiPfCW41m4Kfhk1uhEB55D-ENwXlTc3OTXQoOMA9tCS6clIg23ZU_P2dRSWoZ6q6FAJqQg4d1LDSW0FaNdzzxj_FTUBQGEe6KpW1hZPPKoR3mee1AElK-67orTvVPYkhjHZMfFDPYidAzxEirpRnK_DOIpXTG6Nvg6LrZJOW_s\" target=\"_blank\" rel=\"noopener nofollow noreferrer\">http:\/\/www.cnscbt.ro\/<\/a>\u00a0), respectiv \u201eLista regiunilor \u0219i localit\u0103\u021bilor din zona ro\u0219ie \u0219i zona galben\u0103 cu transmitere a COVID-19\u201d, actualizat\u0103 periodic.<br \/>\n\u25aa\u00a0\u00cen cazul \u00een care nu pute\u021bi contacta medicul de familie, apela\u021bi la Direc\u021bia de S\u0103n\u0103tate Public\u0103 din jude\u021bul dumneavoastr\u0103 \u0219i \u00een ultim\u0103 instan\u021b\u0103 la 112.<\/p>\n<p>\u25cf R\u0103m\u00e2ne\u021bi acas\u0103 dac\u0103 ave\u021bi simptome de grip\u0103 sau r\u0103ceal\u0103 (tuse, febr\u0103, dificult\u0103\u021bi \u00een respira\u021bie) \u0219i suna\u021bi medicul de familie pentru a solicita sfaturi, NU merge\u021bi din primul moment la unit\u0103\u021bile de urgen\u021b\u0103.<br \/>\n\u25aa\u00a0Exist\u0103 riscul, \u00een cazul \u00een care sunte\u021bi purt\u0103tor al virusului, s\u0103 transmite\u021bi \u0219i altor persoane noul coronavirus.<br \/>\n\u25aa\u00a0Este de preferat s\u0103 r\u0103m\u00e2ne\u021bi la domiciliu, iar transferul c\u0103tre spital s\u0103 se realizeze \u00een mod organizat, respect\u00e2nd toate m\u0103surile de izolare.<\/p>\n<p>\u25cf Dac\u0103 v\u0103 afla\u021bi \u00een autoizolare la domiciliu respecta\u021bi cu stricte\u021be recomand\u0103rile autorit\u0103\u021bilor, NU p\u0103r\u0103si\u021bi sub nicio form\u0103 domiciliul pe perioada celor 14 zile, NU primi\u021bi vizitatori \u0219i NU intra\u021bi \u00een contact apropiat cu eventualele persoane care v\u0103 furnizeaz\u0103 alimente sau produse.<br \/>\n\u25aa\u00a0\u00cen cazul \u00een care \u00eenc\u0103lca\u021bi regimul autoizol\u0103rii la domiciliu risca\u021bi amend\u0103 de p\u00e2n\u0103 la 20.000 de lei, precum \u0219i dosar penal \u00een cazul \u00een care contribui\u021bi la r\u0103sp\u00e2ndirea virusului.<\/p>\n<p style=\"text-align: right;\">Sursa: CNAS<\/p>\n","protected":false},"excerpt":{"rendered":"<p>Proteja\u021bi-v\u0103, evita\u021bi contactul direct! \u25cf Evita\u021bi zonele aglomerate unde sunte\u021bi expu\u0219i la contact direct \u0219i\/sau interac\u021biune cu un num\u0103r mare de persoane, de tipul adun\u0103rilor publice, cozi, zone de trafic intens, zone de recreere. \u25aa\u00a0Feri\u021bi copiii de acele locuri de joac\u0103 care presupun atingerea unor suprafe\u021be\/obiecte comune de c\u0103tre un num\u0103r mare copii. \u25cf Limita\u021bi&#8230;<\/p>\n","protected":false},"author":1,"featured_media":0,"parent":0,"menu_order":0,"comment_status":"closed","ping_status":"closed","template":"","meta":{"footnotes":"","_links_to":"","_links_to_target":""},"class_list":["post-350","page","type-page","status-publish","hentry"],"_links":{"self":[{"href":"https:\/\/ilco.ro\/apscr\/wp-json\/wp\/v2\/pages\/350","targetHints":{"allow":["GET"]}}],"collection":[{"href":"https:\/\/ilco.ro\/apscr\/wp-json\/wp\/v2\/pages"}],"about":[{"href":"https:\/\/ilco.ro\/apscr\/wp-json\/wp\/v2\/types\/page"}],"author":[{"embeddable":true,"href":"https:\/\/ilco.ro\/apscr\/wp-json\/wp\/v2\/users\/1"}],"replies":[{"embeddable":true,"href":"https:\/\/ilco.ro\/apscr\/wp-json\/wp\/v2\/comments?post=350"}],"version-history":[{"count":3,"href":"https:\/\/ilco.ro\/apscr\/wp-json\/wp\/v2\/pages\/350\/revisions"}],"predecessor-version":[{"id":353,"href":"https:\/\/ilco.ro\/apscr\/wp-json\/wp\/v2\/pages\/350\/revisions\/353"}],"wp:attachment":[{"href":"https:\/\/ilco.ro\/apscr\/wp-json\/wp\/v2\/media?parent=350"}],"curies":[{"name":"wp","href":"https:\/\/api.w.org\/{rel}","templated":true}]}}